{"id":4525,"date":"2020-08-28T06:24:56","date_gmt":"2020-08-28T06:24:56","guid":{"rendered":"http:\/\/fisioterapiaqualis.es\/?page_id=4525"},"modified":"2020-08-28T06:24:56","modified_gmt":"2020-08-28T06:24:56","slug":"politica-de-privacidad","status":"publish","type":"page","link":"https:\/\/fisioterapiaqualis.es\/?page_id=4525","title":{"rendered":"Pol\u00edtica de privacidad"},"content":{"rendered":"\n<p>A trav\u00e9s de la presente pol\u00edtica de privacidad\u00a0<strong>Centro de Fisioterapia Qualis<\/strong>\u00a0desea informar a todas las personas que naveguen y accedan al sitio web https:\/\/fisioterapiaqualis.es sobre los tratamientos de datos personales realizados.<\/p>\n\n\n\n<p><strong><strong>Centro de Fisioterapia Qualis<\/strong><\/strong>, de conformidad con el Reglamento (UE) 2016\/679, de 27 de abril de 2016, relativo a la protecci\u00f3n de las personas f\u00edsicas en lo que respecta al tratamiento de datos personales y a la libre circulaci\u00f3n de estos datos, as\u00ed como con la Ley Org\u00e1nica 3\/2018, de 5 de diciembre, de Protecci\u00f3n de Datos Personales y garant\u00eda de los derechos digitales, en calidad de Responsable del Tratamiento de los datos personales proporcionados, le facilita la siguiente informaci\u00f3n:<\/p>\n\n\n\n<p><strong>Responsable del Tratamiento:<\/strong><\/p>\n\n\n\n<p>Pablo Mari\u00f1\u00e1n Marin<br>DNI: 46859608Y<br>C\/Capit\u00e1n Antonio de Oro Pulido 31<br>portal 1. 2c. 28350<br>Ciempozuelos MADRID<\/p>\n\n\n\n<p><strong>Finalidad del tratamiento:<\/strong>&nbsp;Tratamos los datos y la informaci\u00f3n que nos facilitan las personas interesadas con la finalidad de:<\/p>\n\n\n\n<ol class=\"wp-block-list\"><li>Gestionar el uso de las funcionalidades puestas a disposici\u00f3n a trav\u00e9s del Sitio Web, entre ellas, la respuesta a solicitudes y\/o consultas realizadas, as\u00ed como la preparaci\u00f3n de presupuestos, siempre que el Usuario haya aceptado la\u00a0<strong>pol\u00edtica de privacidad<\/strong>, con el fin de prestar el consentimiento expreso e informado para el tratamiento de los datos con las finalidades indicadas.<\/li><li>Mantener informados a los Usuarios que as\u00ed lo soliciten de las \u00faltimas novedades e informaci\u00f3n relevante de <strong><strong>Centro de Fisioterapia Qualis<\/strong><\/strong>., a trav\u00e9s de la Newsletter, siempre que el Usuario haya aceptado la\u00a0<strong>pol\u00edtica de privacidad<\/strong>, con el fin de prestar el consentimiento expreso e informado para el tratamiento de los datos con las finalidades indicadas.<\/li><li>Gestionar candidaturas en el proceso de selecci\u00f3n al que el Usuario haya aplicado o candidaturas espont\u00e1neas y, en su caso, notificarle o informarle de alguno u otros procesos de selecci\u00f3n de personal que puedan ser de su inter\u00e9s, siempre que el Usuario haya aceptado la\u00a0<strong>pol\u00edtica de privacidad<\/strong>, con el fin de prestar el consentimiento expreso e informado para el tratamiento de los datos con las finalidades indicadas.<\/li><\/ol>\n\n\n\n<p><strong>Legitimaci\u00f3n:<\/strong>&nbsp;El tratamiento de dichos datos est\u00e1 legitimado por la ejecuci\u00f3n de las obligaciones contractuales y\/o negociales, as\u00ed como por el consentimiento expreso del Usuario.<\/p>\n\n\n\n<p><strong>Criterios de conservaci\u00f3n de los datos:<\/strong><\/p>\n\n\n\n<ol class=\"wp-block-list\"><li>Gesti\u00f3n del uso de las funcionalidades puestas a disposici\u00f3n a trav\u00e9s del Sitio Web:<\/li><\/ol>\n\n\n\n<p>Los datos se conservar\u00e1n mientras se mantenga la relaci\u00f3n contractual y\/o negocial entre el Usuario y <strong><strong>Centro de Fisioterapia Qualis<\/strong><\/strong><\/p>\n\n\n\n<p>En relaci\u00f3n a aquellas solicitudes efectuadas por un usuario con el que no se mantenga una relaci\u00f3n contractual, los datos se conservar\u00e1n hasta haber resuelto dicha solicitud.<\/p>\n\n\n\n<p>En todo caso, dicho procedimiento se realizar\u00e1 respetando los plazos legales establecidos al efecto.<\/p>\n\n\n\n<ol class=\"wp-block-list\"><li>Gesti\u00f3n de candidaturas:<\/li><\/ol>\n\n\n\n<p>Los datos personales proporcionados por el candidato se conservar\u00e1n con car\u00e1cter general durante el plazo de 1 a\u00f1o a contar desde la finalizaci\u00f3n del proceso de selecci\u00f3n.<\/p>\n\n\n\n<p><strong>Comunicaci\u00f3n de los datos:<\/strong>&nbsp;No se comunicar\u00e1n a otros terceros, excepto obligaci\u00f3n legal o con el consentimiento expreso del interesado.<\/p>\n\n\n\n<p><strong>Transferencias internacionales de datos:&nbsp;<\/strong>No se realizan Transferencias Internacionales de datos a terceros pa\u00edses fuera de la Uni\u00f3n Europea.<\/p>\n\n\n\n<p><strong>Derechos que asisten al Interesado:<\/strong>\u00a0El interesado tiene derecho a retirar el consentimiento en cualquier momento. Asimismo, le informamos que podr\u00e1 ejercer sus derechos de acceso, rectificaci\u00f3n y supresi\u00f3n (Derecho al olvido), limitaci\u00f3n de los datos, portabilidad de los datos y oposici\u00f3n, enviando un escrito Av. Reverenda Madre Antonia 14, Ciempozuelos  , o correo electr\u00f3nico\u00a0<a href=\"mailto:lopd@bovemontero.com\">info@fisioterapiaqualis.es<\/a><\/p>\n\n\n\n<p>Asimismo, Se informa al interesado que podr\u00e1 revocar el consentimiento del env\u00edo de comunicaciones comerciales enviando un correo electr\u00f3nico a\u00a0\u00a0<a href=\"mailto:info@fisioterapiaqualis.es\"><a href=\"mailto:lopd@bovemontero.com\">info@fisioterapiaqualis.es<\/a><\/a><\/p>\n\n\n\n<p>La persona interesada puede presentar una reclamaci\u00f3n ante la autoridad de control en materia de protecci\u00f3n de datos competente, que actualmente es la Agencia Espa\u00f1ola de Protecci\u00f3n de Datos (AEPD), a trav\u00e9s de su sede electr\u00f3nica:&nbsp;<a href=\"http:\/\/www.sedeagpd.gob.es\/sede-electronica-web\">www.sedeagpd.gob.es\/sede-electronica-web<\/a>, o enviando un escrito a C\/ Jorge Juan n\u00ba6 \u2013 28001 MADRID.<\/p>\n\n\n\n<p><strong>\u00bfEs obligatorio proporcionar toda la informaci\u00f3n solicitada en el apartado de contacto?<\/strong><\/p>\n\n\n\n<p>En cuanto a los formularios del Sitio Web, el Usuario tiene que cumplimentar los marcados como \u201crequerido\u201d. No completar los datos personales requeridos o hacerlo parcialmente puede suponer que <strong><strong>Centro de Fisioterapia Qualis<\/strong><\/strong> no pueda atender sus solicitudes y, en consecuencia, <strong><strong>Centro de Fisioterapia Qualis<\/strong><\/strong> quedar\u00e1 exonerada de toda responsabilidad por la no prestaci\u00f3n o la prestaci\u00f3n incompleta de los servicios solicitados.<\/p>\n\n\n\n<p>Los datos personales que el Usuario facilita a <strong><strong>Centro de Fisioterapia Qualis<\/strong><\/strong> tienen que ser actuales para que la informaci\u00f3n de los registros est\u00e9 actualiza y sin errores. El Usuario responder\u00e1 de la veracidad de los datos facilitados.<\/p>\n\n\n\n<p><strong>\u00bfQu\u00e9 medidas de seguridad tiene implantada la empresa?<\/strong><\/p>\n\n\n\n<p><strong><strong>Centro de Fisioterapia Qualis<\/strong><\/strong> informa que el tratamiento que realiza de datos personales se realiza en todo momento de conformidad con la normativa aplicable en materia de protecci\u00f3n de datos y de los servicios de la sociedad de la informaci\u00f3n.<\/p>\n\n\n\n<p><strong><strong>Centro de Fisioterapia Qualis<\/strong><\/strong> tiene implantadas las medidas de seguridad de \u00edndole t\u00e9cnica y organizativas necesarias que garanticen la seguridad de los datos de car\u00e1cter personal del Usuario y eviten su alteraci\u00f3n, p\u00e9rdida, tratamiento y\/o acceso no autorizado de acuerdo con el estado de la tecnolog\u00eda, la naturaleza de los datos almacenados y los riesgos a los que est\u00e1n expuestos, ya provengan de la acci\u00f3n humana o del medio f\u00edsico o natural, en conformidad con el que prev\u00e9 la normativa vigente.<\/p>\n","protected":false},"excerpt":{"rendered":"<p>A trav\u00e9s de la presente pol\u00edtica de privacidad\u00a0Centro de Fisioterapia Qualis\u00a0desea informar a todas las personas que naveguen y accedan&#8230;<\/p>\n","protected":false},"author":1,"featured_media":0,"parent":0,"menu_order":0,"comment_status":"closed","ping_status":"closed","template":"","meta":{"_monsterinsights_skip_tracking":false,"_monsterinsights_sitenote_active":false,"_monsterinsights_sitenote_note":"","_monsterinsights_sitenote_category":0,"footnotes":""},"class_list":["post-4525","page","type-page","status-publish","hentry"],"_links":{"self":[{"href":"https:\/\/fisioterapiaqualis.es\/index.php?rest_route=\/wp\/v2\/pages\/4525","targetHints":{"allow":["GET"]}}],"collection":[{"href":"https:\/\/fisioterapiaqualis.es\/index.php?rest_route=\/wp\/v2\/pages"}],"about":[{"href":"https:\/\/fisioterapiaqualis.es\/index.php?rest_route=\/wp\/v2\/types\/page"}],"author":[{"embeddable":true,"href":"https:\/\/fisioterapiaqualis.es\/index.php?rest_route=\/wp\/v2\/users\/1"}],"replies":[{"embeddable":true,"href":"https:\/\/fisioterapiaqualis.es\/index.php?rest_route=%2Fwp%2Fv2%2Fcomments&post=4525"}],"version-history":[{"count":1,"href":"https:\/\/fisioterapiaqualis.es\/index.php?rest_route=\/wp\/v2\/pages\/4525\/revisions"}],"predecessor-version":[{"id":4526,"href":"https:\/\/fisioterapiaqualis.es\/index.php?rest_route=\/wp\/v2\/pages\/4525\/revisions\/4526"}],"wp:attachment":[{"href":"https:\/\/fisioterapiaqualis.es\/index.php?rest_route=%2Fwp%2Fv2%2Fmedia&parent=4525"}],"curies":[{"name":"wp","href":"https:\/\/api.w.org\/{rel}","templated":true}]}}