{"id":4523,"date":"2020-08-28T06:15:05","date_gmt":"2020-08-28T06:15:05","guid":{"rendered":"http:\/\/fisioterapiaqualis.es\/?page_id=4523"},"modified":"2020-08-28T06:15:05","modified_gmt":"2020-08-28T06:15:05","slug":"aviso-legal","status":"publish","type":"page","link":"https:\/\/fisioterapiaqualis.es\/?page_id=4523","title":{"rendered":"Aviso Legal"},"content":{"rendered":"\n<h2 class=\"wp-block-heading\">AVISO LEGAL<\/h2>\n\n\n\n<h3 class=\"wp-block-heading\">INFORMACI\u00d3N LEGAL<\/h3>\n\n\n\n<p>Para dar cumplimiento a lo establecido en la Ley 34\/2002, de 11 de julio, de servicios de la sociedad de la informaci\u00f3n y de comercio electr\u00f3nico y resto de normativa aplicable, a continuaci\u00f3n se detalla la informaci\u00f3n general a continuaci\u00f3n:<\/p>\n\n\n\n<p>Centro de Fisioterapia Qualis, es una marca comercial inscrita en la Oficina Espa\u00f1ola de Patentes y Marcas.  Cuyo titular responsable se detalla a continuaci\u00f3n:<\/p>\n\n\n\n<h3 class=\"wp-block-heading\"><strong>RAZ\u00d3N SOCIAL:<\/strong><\/h3>\n\n\n\n<p>Pablo Mari\u00f1\u00e1n Marin<br>DNI: 46859608Y<br>C\/Capit\u00e1n Antonio de Oro Pulido 31<br>portal 1. 2c. 28350<br>Ciempozuelos MADRID<\/p>\n\n\n\n<p>Pablo Mari\u00f1\u00e1n Marin<br>DNI: 46859608Y<br>C\/Capit\u00e1n Antonio de Oro Pulido 31<br>28350<br>Ciempozuelos MADRID<\/p>\n\n\n\n<p>Asimismo se establecen estas direcciones para facilitar el ejercicio los derechos reconocidos en la Ley Org\u00e1nica 15\/1999, de 13 de diciembre, de Protecci\u00f3n de Datos de Car\u00e1cter Personal y su normativa de desarrollo.<\/p>\n\n\n\n<h3 class=\"wp-block-heading\"><strong>AVISO LEGAL<\/strong><\/h3>\n\n\n\n<p>El acceso y utilizaci\u00f3n de los servicios y contenidos que facilita este sitio web supone la aceptaci\u00f3n de estas condiciones generales, y de su pol\u00edtica de protecci\u00f3n de datos, que ser\u00e1n de aplicaci\u00f3n sin perjuicio de las condiciones particulares o especiales que, en su caso se establezcan. Le rogamos por tanto, lea detenidamente este documento.<\/p>\n\n\n\n<h3 class=\"wp-block-heading\"><strong>PROPIEDAD INTELECTUAL E INDUSTRIAL<\/strong><\/h3>\n\n\n\n<p>A menos que expresamente se indique lo contrario, los contenidos de este subdominio, incluy\u00e9ndose a t\u00edtulo enunciativo, textos, im\u00e1genes, sonidos, animaciones, gr\u00e1ficos, botones, programas de ordenador o bases de datos, as\u00ed como su dise\u00f1o, estructura de navegaci\u00f3n y programaci\u00f3n, son titularidad de Centro de Fisioterapia Qualis. o dispone de la autorizaci\u00f3n necesaria para su uso. Dichos contenidos, y nombres de dominios, est\u00e1n protegidos por las leyes y tratados sobre propiedad intelectual e industrial y por la normativa reguladora.<br>Sin perjuicio de los usos permitidos de acuerdo con las presentes condiciones de uso o en los supuesto establecidos en art\u00edculos 31 y 34 de la ley de Propiedad Intelectual, los derechos de divulgaci\u00f3n, reproducci\u00f3n, distribuci\u00f3n, comunicaci\u00f3n p\u00fablica y transformaci\u00f3n de los contenidos de esta web corresponde exclusivamente aCentro de Fisioterapia Qualis<\/p>\n\n\n\n<p>El uso de enlaces a las p\u00e1ginas internas requerir\u00e1 el consentimiento previo por parte de Centro de Fisioterapia Qualis. Se autoriza a los usuarios de este sitio web la visualizaci\u00f3n, reproducci\u00f3n, impresi\u00f3n y descarga parcial de contenido de la web exclusivamente se concurren las siguientes condiciones:<\/p>\n\n\n\n<p>1.Que sea compatible con los fines de la web y que no perjudique la imagen y buen nombre le Centro de Fisioterapia Qualis. sus proveedores, clientes o servicios de estos.<\/p>\n\n\n\n<p>2.Que se realice en uso personal y privado de los mismos. Se proh\u00edbe expresamente toda explotaci\u00f3n o utilizaci\u00f3n con fines comerciales o promocionales.<\/p>\n\n\n\n<p>3.Que se respeten los derechos de propiedad intelectual o industrial de Centro de Fisioterapia Qualis, En ning\u00fan caso se permitir\u00e1 la modificaci\u00f3n, total o parcial, de dichos contenidos ni su descompliaci\u00f3n o la alteraci\u00f3n de su integridad. En todo caso, deber\u00e1 incluirse, refiri\u00e9ndose a Centro de Fisioterapia Qualis la menci\u00f3n \u201ccopyright\u201d, o su signo equivalente, en cualquier divulgaci\u00f3n, reproducci\u00f3n, distribuci\u00f3n o comunicaci\u00f3n p\u00fablica de los contenidos de esta web.<\/p>\n\n\n\n<p>El incumplimiento de las condiciones anteriores constituir\u00e1 una actividad il\u00edcita, que podr\u00e1 dar lugar a las correspondientes sanciones civiles o penales conforme a la legislaci\u00f3n aplicable.<\/p>\n\n\n\n<p>Exclusiones y limitaciones de responsabilidad.<\/p>\n\n\n\n<p>Los textos que aparecen se ofrecen con una finalidad informativa o divulgativa. Centro de Fisioterapia Qualis intentar\u00e1 velar por la actualidad, exactitud y veracidad de los mismos, y declina toda responsabilidad por los da\u00f1os que puedan causarse debido a las inexactitudes o incorrecciones de los mismos.<\/p>\n","protected":false},"excerpt":{"rendered":"<p>AVISO LEGAL INFORMACI\u00d3N LEGAL Para dar cumplimiento a lo establecido en la Ley 34\/2002, de 11 de julio, de servicios&#8230;<\/p>\n","protected":false},"author":1,"featured_media":0,"parent":0,"menu_order":0,"comment_status":"closed","ping_status":"closed","template":"","meta":{"_monsterinsights_skip_tracking":false,"_monsterinsights_sitenote_active":false,"_monsterinsights_sitenote_note":"","_monsterinsights_sitenote_category":0,"footnotes":""},"class_list":["post-4523","page","type-page","status-publish","hentry"],"_links":{"self":[{"href":"https:\/\/fisioterapiaqualis.es\/index.php?rest_route=\/wp\/v2\/pages\/4523","targetHints":{"allow":["GET"]}}],"collection":[{"href":"https:\/\/fisioterapiaqualis.es\/index.php?rest_route=\/wp\/v2\/pages"}],"about":[{"href":"https:\/\/fisioterapiaqualis.es\/index.php?rest_route=\/wp\/v2\/types\/page"}],"author":[{"embeddable":true,"href":"https:\/\/fisioterapiaqualis.es\/index.php?rest_route=\/wp\/v2\/users\/1"}],"replies":[{"embeddable":true,"href":"https:\/\/fisioterapiaqualis.es\/index.php?rest_route=%2Fwp%2Fv2%2Fcomments&post=4523"}],"version-history":[{"count":1,"href":"https:\/\/fisioterapiaqualis.es\/index.php?rest_route=\/wp\/v2\/pages\/4523\/revisions"}],"predecessor-version":[{"id":4524,"href":"https:\/\/fisioterapiaqualis.es\/index.php?rest_route=\/wp\/v2\/pages\/4523\/revisions\/4524"}],"wp:attachment":[{"href":"https:\/\/fisioterapiaqualis.es\/index.php?rest_route=%2Fwp%2Fv2%2Fmedia&parent=4523"}],"curies":[{"name":"wp","href":"https:\/\/api.w.org\/{rel}","templated":true}]}}