{"id":4459,"date":"2020-06-15T14:06:25","date_gmt":"2020-06-15T14:06:25","guid":{"rendered":"http:\/\/fisioterapiaqualis.es\/?page_id=4459"},"modified":"2020-08-27T09:36:03","modified_gmt":"2020-08-27T09:36:03","slug":"fisioterapia-deportiva","status":"publish","type":"page","link":"https:\/\/fisioterapiaqualis.es\/?page_id=4459","title":{"rendered":"Fisioterapia Deportiva"},"content":{"rendered":"<p>[vc_row][vc_column width=\u00bb1\/2&#8243;][vc_single_image image=\u00bb4503&#8243; img_size=\u00bb500&#215;500&#8243;][\/vc_column][vc_column width=\u00bb1\/2&#8243;][vc_column_text]<\/p>\n<h5 class=\"western\">FISIOTERAPIA DEPORTIVA<\/h5>\n<p><span style=\"font-size: medium;\">La fisioterapia deportiva se basa en: preparar y acondicionar al deportista para la competici\u00f3n, recuperarlo del esfuerzo realizado, prevenir lesiones y recuperarlas.<\/span><\/p>\n<p><span style=\"font-size: medium;\">Para la prevenci\u00f3n y el tratamiento adecuado de las lesiones deportivas, realizamos un an\u00e1lisis de los factores de riesgo dentro de cada pr\u00e1ctica deportiva (tipo de entrenamiento, condiciones ambientales, equipamientos, condici\u00f3n f\u00edsica, edad, lesiones previas).<\/span>[\/vc_column_text][\/vc_column][\/vc_row][vc_row][vc_column][vc_column_text]<\/p>\n<h4><span style=\"font-size: medium;\"><u><b>Aplicaciones: <\/b><\/u><\/span><\/h4>\n<ul>\n<li><span style=\"font-size: medium;\">Lesiones de <\/span><span style=\"font-size: medium;\"><b>hombro<\/b><\/span><span style=\"font-size: medium;\">, como s\u00edndrome subacromial, esguince subacromial, fractura de clav\u00edcula, luxaci\u00f3n glenohumeral, lesi\u00f3n tipo SLAP, etc.<\/span><\/li>\n<li><span style=\"font-size: medium;\">Lesiones del <\/span><span style=\"font-size: medium;\"><b>brazo<\/b><\/span><span style=\"font-size: medium;\">, como rotura del tend\u00f3n del b\u00edceps braquial, tendinopat\u00eda del b\u00edceps braquial, tendinopat\u00edas en el tr\u00edceps braquial, etc.<\/span><\/li>\n<li><span style=\"font-size: medium;\">Lesiones en el <\/span><span style=\"font-size: medium;\"><b>codo, mu\u00f1eca y mano,<\/b><\/span><span style=\"font-size: medium;\"> como fracturas, luxaciones, bursitis olecraneana, epicondilalgia o codo de tenista, codo de golfista, codo del lanzador o bursitis, fractura de puteau-colles, fractura de smit-goyrand, rhea barton, letenneur, luxaci\u00f3n interfal\u00e1ngica, rotura del tend\u00f3n extensor.<\/span><\/li>\n<li><span style=\"font-size: medium;\">Lesiones de la <\/span><span style=\"font-size: medium;\"><b>columna<\/b><\/span><span style=\"font-size: medium;\">, como esguinces cervicales, escoliosis, dolor lumbar y dorsal, hernias discales, espondilolistesis, etc.<\/span><\/li>\n<li><span style=\"font-size: medium;\">Lesiones de la <\/span><span style=\"font-size: medium;\"><b>pelvis y cadera<\/b><\/span><span style=\"font-size: medium;\">, como fractura de estr\u00e9s de cadera y pelvis, fractura de f\u00e9mur, fractura avulsiva de pelvis, osteopat\u00eda din\u00e1mica del pubis, bursitis y resaltes de la cadera, rotura de fibras, hematomas musculares.<\/span><\/li>\n<li><span style=\"font-size: medium;\">Lesiones de <\/span><span style=\"font-size: medium;\"><b>rodilla<\/b><\/span><span style=\"font-size: medium;\">, como la rodilla aguda (luxaci\u00f3n de r\u00f3tula, rotura tend\u00f3n patelar, fracturas intraarticulares), luxaci\u00f3n recidivante de r\u00f3tula, tendinopat\u00eda rotuliana, rotura del tend\u00f3n patelar, rotura LCA, rotura LCP, meniscopat\u00eda, triada O\u00b4Donoghue, rotura de fibras musculares.<\/span><\/li>\n<li><span style=\"font-size: medium;\">Lesiones de <\/span><span style=\"font-size: medium;\"><b>tobillo<\/b><\/span><span style=\"font-size: medium;\">: fracturas, impingement de tobillo, s\u00edndrome del t\u00fanel del tarso anterior, tendinopat\u00eda aquilea, rotura del tend\u00f3n de Aquiles, esguinces de tobillo, fracturas del metatarso y tarso, enfermedad de Freiberg.<\/span><\/li>\n<\/ul>\n<p>[\/vc_column_text][\/vc_column][\/vc_row]<\/p>\n","protected":false},"excerpt":{"rendered":"<p>[vc_row][vc_column width=\u00bb1\/2&#8243;][vc_single_image image=\u00bb4503&#8243; img_size=\u00bb500&#215;500&#8243;][\/vc_column][vc_column width=\u00bb1\/2&#8243;][vc_column_text] FISIOTERAPIA DEPORTIVA La fisioterapia deportiva se basa en: preparar y acondicionar al deportista para la&#8230;<\/p>\n","protected":false},"author":1,"featured_media":0,"parent":0,"menu_order":0,"comment_status":"closed","ping_status":"closed","template":"","meta":{"_monsterinsights_skip_tracking":false,"_monsterinsights_sitenote_active":false,"_monsterinsights_sitenote_note":"","_monsterinsights_sitenote_category":0,"footnotes":""},"class_list":["post-4459","page","type-page","status-publish","hentry"],"_links":{"self":[{"href":"https:\/\/fisioterapiaqualis.es\/index.php?rest_route=\/wp\/v2\/pages\/4459","targetHints":{"allow":["GET"]}}],"collection":[{"href":"https:\/\/fisioterapiaqualis.es\/index.php?rest_route=\/wp\/v2\/pages"}],"about":[{"href":"https:\/\/fisioterapiaqualis.es\/index.php?rest_route=\/wp\/v2\/types\/page"}],"author":[{"embeddable":true,"href":"https:\/\/fisioterapiaqualis.es\/index.php?rest_route=\/wp\/v2\/users\/1"}],"replies":[{"embeddable":true,"href":"https:\/\/fisioterapiaqualis.es\/index.php?rest_route=%2Fwp%2Fv2%2Fcomments&post=4459"}],"version-history":[{"count":7,"href":"https:\/\/fisioterapiaqualis.es\/index.php?rest_route=\/wp\/v2\/pages\/4459\/revisions"}],"predecessor-version":[{"id":4511,"href":"https:\/\/fisioterapiaqualis.es\/index.php?rest_route=\/wp\/v2\/pages\/4459\/revisions\/4511"}],"wp:attachment":[{"href":"https:\/\/fisioterapiaqualis.es\/index.php?rest_route=%2Fwp%2Fv2%2Fmedia&parent=4459"}],"curies":[{"name":"wp","href":"https:\/\/api.w.org\/{rel}","templated":true}]}}